ple of 46?
False
Is 169660198 a multiple of 609?
False
Is 140 a factor of 72136196?
False
Does 2554 divide 377442576?
False
Is 55 a factor of 69481005?
True
Is 22 a factor of 842284721?
False
Is 359 a factor of 2117870?
False
Does 149 divide 920799289?
True
Is 3249982854 a multiple of 5462?
True
Does 23 divide 6292547?
True
Is 278753984 a multiple of 17?
False
Is 17 a factor of 54341316?
True
Does 22 divide 75543468?
True
Is 32779060 even?
True
Is 23 a factor of 25526205?
True
Does 516 divide 5901384040?
False
Does 6917 divide 1538928745?
True
Is 66906858 a multiple of 266?
False
Is 3639658 a multiple of 5?
False
Is 67354371 a multiple of 21?
True
Does 206 divide 1165775218?
True
Is 3627 a factor of 735566951?
False
Is 15768455 a multiple of 14?
False
Is 480331230 a multiple of 3090?
True
Is 2850 a factor of 1040463231?
False
Is 17298426 a multiple of 36?
False
Is 945888656 a multiple of 660?
False
Is 3075 a factor of 4246299?
False
Does 409 divide 571873?
False
Does 36 divide 1258253100?
True
Does 35 divide 7001738?
False
Does 1532 divide 984064950?
False
Does 124 divide 10389691?
False
Does 13 divide 736524161?
False
Does 40 divide 266714760?
True
Is 76 a factor of 145077692?
True
Is 3382 a factor of 62199517?
False
Is 99100308 a multiple of 1338?
True
Does 503 divide 171752871?
True
Is 1149874235 a multiple of 15?
False
Is 149787102 a multiple of 527?
True
Is 256 a factor of 87339520?
True
Is 1782534 a multiple of 198?
False
Is 1587 a factor of 10936017?
True
Is 268787593 a multiple of 6?
False
Is 272 a factor of 945660496?
True
Is 7594690 a multiple of 1383?
False
Does 8 divide 302027624?
True
Is 145504128 a multiple of 784?
True
Does 17 divide 2275909000?
True
Is 88 a factor of 16573073?
False
Does 1637 divide 2343981012?
True
Is 1763205 a multiple of 61?
True
Does 730 divide 12798641?
False
Is 293655281 a multiple of 1891?
True
Is 15543135 a multiple of 47?
True
Does 1159 divide 707954288?
True
Is 106 a factor of 14949245?
False
Is 156036826 a multiple of 62?
True
Is 517 a factor of 2808290227?
False
Does 13 divide 393580213?
True
Does 11 divide 2552385308?
True
Does 7 divide 126777963?
False
Is 270633230 a multiple of 25?
False
Does 13 divide 201967153?
False
Is 62 a factor of 1046552794?
False
Is 12836280 a multiple of 20?
True
Is 309 a factor of 493511896?
False
Is 145048957 a multiple of 709?
False
Does 8 divide 264030704?
True
Is 366 a factor of 331921835?
False
Does 119 divide 893159739?
False
Is 4614 a factor of 4449884658?
False
Is 258 a factor of 53260699?
False
Is 1325489103 a multiple of 207?
True
Does 8 divide 151491592?
True
Does 25 divide 9756700?
True
Does 80 divide 60690560?
True
Does 785 divide 222433647?
False
Is 548728141 a multiple of 15?
False
Is 100913654 a multiple of 8?
False
Is 9 a factor of 5386759?
False
Does 28 divide 95667320?
True
Is 388 a factor of 33637660?
True
Is 42820480 a multiple of 64?
True
Is 383 a factor of 5342870?
False
Is 530534752 a multiple of 41?
True
Is 36585569 a multiple of 36?
False
Is 4 a factor of 6263817?
False
Does 481 divide 142810358?
False
Is 1627 a factor of 3597062855?
False
Does 7 divide 53113501?
True
Is 3551341116 a multiple of 82?
True
Does 6 divide 14793912?
True
Is 462 a factor of 131167344?
True
Is 209711480 a multiple of 6529?
True
Is 17497224 a multiple of 1314?
True
Is 617980711 a multiple of 361?
False
Is 1908760 a multiple of 85?
True
Does 3806 divide 71803853?
False
Does 104 divide 964163928?
True
Does 27 divide 4897341?
True
Is 4731150 a multiple of 3?
True
Is 13 a factor of 57011158?
False
Is 625 a factor of 6008741630?
False
Does 12 divide 20156571?
False
Does 5 divide 536391?
False
Does 490 divide 66597370?
True
Is 10 a factor of 405229228?
False
Is 330950478 a multiple of 6?
True
Is 14744680 a multiple of 5?
True
Does 44 divide 36598540?
True
Is 520364576 a multiple of 16?
True
Does 14 divide 807818031?
False
Is 5850939655 a multiple of 65?
False
Is 2928016 a multiple of 853?
False
Is 593830100 a multiple of 101?
False
Does 152 divide 750233544?
True
Is 185495275 a multiple of 175?
True
Does 72 divide 17113752?
True
Does 54 divide 4599504?
True
Is 487 a factor of 38159693?
False
Is 630008450 a multiple of 50?
True
Is 497724766 a multiple of 1848?
False
Is 1004897536 a multiple of 32?
True
Is 3088563808 a multiple of 544?
True
Is 271119459 a multiple of 15?
False
Is 393906491 a multiple of 2037?
False
Is 1956 a factor of 195093396?
True
Is 1216 a factor of 2993010112?
True
Is 2267 a factor of 1877792900?
False
Is 20778432 a multiple of 2?
True
Does 390 divide 546220993?
False
Is 9 a factor of 2716710543?
True
Is 1821 a factor of 1132967?
False
Is 1625 a factor of 805110920?
False
Is 989339 even?
False
Is 4038 a factor of 6177703896?
True
Is 72 a factor of 53028739?
False
Does 57 divide 188296084?
False
Is 732005824 a multiple of 2001?
False
Is 2017036716 a multiple of 436?
True
Is 666 a factor of 3508154334?
True
Is 14753801 a multiple of 279?
False
Does 2936 divide 163070070?
False
Does 5224 divide 287937839?
False
Is 136 a factor of 1368326736?
True
Does 175 divide 1381492000?
True
Is 6708393 a multiple of 23?
False
Does 13 divide 1349012500?
False
Is 423109064 a multiple of 56?
True
Does 274 divide 14550496?
True
Is 36 a factor of 2910232188?
True
Does 2540 divide 5419087?
False
Is 38704896 a multiple of 942?
True
Is 470 a factor of 36791521?
False
Does 470 divide 53546630?
True
Does 2032 divide 30918724?
False
Is 3521309406 a multiple of 73?
False
Does 64 divide 139165120?
True
Is 1020642090 a multiple of 3341?
True
Does 104 divide 1295284224?
True
Is 159863600 a multiple of 65?
True
Does 5158 divide 446141210?
True
Is 2062678320 a multiple of 48?
True
Does 25 divide 47433212?
False
Is 928 a factor of 14908093?
False
Is 484003 a multiple of 695?
False
Is 12 a factor of 19171189?
False
Does 9 divide 67986347?
False
Is 11 a factor of 285640495?
False
Is 669330810 a multiple of 354?
True
Is 51 a factor of 9308163?
True
Does 274 divide 8404581?
False
Is 17275608 a multiple of 454?
True
Does 652 divide 82193076?
True
Does 518 divide 1758202057?
False
Is 4441790626 a multiple of 4240?
False
Is 11312674 a multiple of 109?
True
Is 85445338 a multiple of 12?
False
Is 26294345 a multiple of 419?
True
Does 215 divide 124726230?
True
Does 588 divide 303620657?
False
Is 36472502 a multiple of 2705?
False
Does 30 divide 555413639?
False
Does 16 divide 834010832?
True
Is 19 a factor of 38746506?
False
Does 178 divide 2440024?
True
Does 60 divide 1837740?
True
Is 2033246429 a multiple of 211?
True
Does 458 divide 161331874?
True
Is 570 a factor of 190942590?
True
Is 345 a factor of 519996628?
False
Is 76 a factor of 1033955183?
False
Does 311 divide 88774389?
False
Does 898 divide 15760798?
True
Is 10 a factor of 1746283300?
True
Is 1897 a factor of 10840843?
False
Is 4891022073 a multiple of 14?
False
Is 584642014 a multiple of 555?
False
Is 1894288 a multiple of 154?
False
Is 515624085 a multiple of 565?
True
Does 15 divide 554630550?
True
Is 14 a factor of 106406300?
True
Does 1812 divide 14209704?
True
Is 38 a factor of 9638594?
False
Is 15651339 a multiple of 11?
True
Is 1575 a factor of 1730243025?
True
Is 3588175 a multiple of 65?
False
Does 264 divide 353874903?
False
Is 929 a factor of 89622488?
True
Does 36 divide 2796785?
False
Does 1340 divide 177132946?
False
Does 199 divide 408256460?
True
Does 22 divide 187759836?
True
Is 7 a factor of 34666471?
True
Is 332507144 a multiple of 8698?
True
Is 96 a factor of 11016601?
False
Is 84484920 a multiple of 12?
True
Is 2 a factor of 215558688?
True
Is 994513927 a multiple of 492?
False
Does 565 divide 35098365?
True
Is 556348 a multiple of 4?
True
Is 1141 a factor of 37559438?
True
Is 26 a factor of 44803947?
False
Does 127 divide 1610726776?
True
Does 312 divide 2179632?
True
Does 3 divide 728345519?
False
Is 20 a factor of 56233664?
False
Is 56476329 a multiple of 283?
True
Does 363 divide 211579995?
True
Does 572 divide 32610630?
False
Is 93901 a multiple of 69?
False
Is 2369839896 a multiple of 39?
False
Is 7 a factor of 17562447?
True
Is 3667473830 a multiple of 2966?
True
Is 1031 a factor of 27709347?
False
Is 147322067 a multiple of 85?
False
Is 4561062129 a multiple of 351?
True
Is 285 a factor of 119337765?